{"id":13136,"date":"2025-10-13T12:47:04","date_gmt":"2025-10-13T10:47:04","guid":{"rendered":"https:\/\/blonie.zielonaakademia.edu.pl\/?page_id=13136"},"modified":"2025-10-13T12:47:20","modified_gmt":"2025-10-13T10:47:20","slug":"kolejowe-abc","status":"publish","type":"page","link":"https:\/\/blonie.zielonaakademia.edu.pl\/index.php\/kolejowe-abc\/","title":{"rendered":"Kolejowe ABC"},"content":{"rendered":"\t\t<div data-elementor-type=\"wp-page\" data-elementor-id=\"13136\" class=\"elementor elementor-13136\">\n\t\t\t\t\t\t\t\t\t<section class=\"elementor-section elementor-top-section elementor-element elementor-element-350622c6 elementor-section-boxed elementor-section-height-default elementor-section-height-default\" data-id=\"350622c6\" data-element_type=\"section\">\n\t\t\t\t\t\t<div class=\"elementor-container elementor-column-gap-default\">\n\t\t\t\t\t<div class=\"elementor-column elementor-col-100 elementor-top-column elementor-element elementor-element-75130f8d\" data-id=\"75130f8d\" data-element_type=\"column\">\n\t\t\t<div class=\"elementor-widget-wrap elementor-element-populated\">\n\t\t\t\t\t\t\t\t<div class=\"elementor-element elementor-element-2f496caf elementor-widget elementor-widget-text-editor\" data-id=\"2f496caf\" data-element_type=\"widget\" data-widget_type=\"text-editor.default\">\n\t\t\t\t<div class=\"elementor-widget-container\">\n\t\t\t<style>\/*! elementor - v3.9.1 - 14-12-2022 *\/\n.elementor-widget-text-editor.elementor-drop-cap-view-stacked .elementor-drop-cap{background-color:#818a91;color:#fff}.elementor-widget-text-editor.elementor-drop-cap-view-framed .elementor-drop-cap{color:#818a91;border:3px solid;background-color:transparent}.elementor-widget-text-editor:not(.elementor-drop-cap-view-default) .elementor-drop-cap{margin-top:8px}.elementor-widget-text-editor:not(.elementor-drop-cap-view-default) .elementor-drop-cap-letter{width:1em;height:1em}.elementor-widget-text-editor .elementor-drop-cap{float:left;text-align:center;line-height:1;font-size:50px}.elementor-widget-text-editor .elementor-drop-cap-letter{display:inline-block}<\/style>\t\t\t\t<!-- wp:paragraph -->\n<p style=\"text-align: center;\"><img decoding=\"async\" loading=\"lazy\" class=\"img-fluid regular-logo\" src=\"https:\/\/kolejoweabc.pl\/wp-content\/uploads\/2025\/01\/Logo-KolejoweABC.svg\" alt=\"logo kolejowe link do strony g\u0142\u00f3wnej\" width=\"282\" height=\"156\" \/><\/p>\n<p style=\"text-align: center;\"><span style=\"color: #000000;\"><strong>To zainicjowany przez Urz\u0105d Transportu Kolejowego <br \/>program edukacyjny z zakresu bezpiecze\u0144stwa na terenach kolejowych.<\/strong><\/span><\/p>\n<p style=\"text-align: center;\"><span style=\"color: #000000;\">Program to \u017ar\u00f3d\u0142o wiedzy na temat sposob\u00f3w w\u0142a\u015bciwego zachowania w pobli\u017cu tor\u00f3w<\/span><br \/><span style=\"color: #000000;\">oraz reagowania w sytuacjach zagro\u017cenia \u017cycia lub zdrowia \u2013 <\/span><br \/><span style=\"color: #000000;\">zw\u0142aszcza na terenach kolejowych oraz w pobli\u017cu przej\u015b\u0107 i przejazd\u00f3w kolejowo-drogowych.<\/span><\/p>\n<p style=\"text-align: center;\"><span style=\"color: #000000;\"><strong>Zielona Akademia bierze udzia\u0142 w programie od I jego edycji.<\/strong> <\/span><br \/><span style=\"color: #000000;\">Nasza plac\u00f3wka otrzyma\u0142a tak\u017ce pami\u0105tkow\u0105 maskotk\u0119 Rogatka, <\/span><br \/><span style=\"color: #000000;\">kt\u00f3rego mo\u017cna spotka\u0107 w przedszkolnej szatni:)<\/span><\/p>\n<p style=\"text-align: center;\"><span style=\"color: #000000;\"><img decoding=\"async\" loading=\"lazy\" class=\"sFlh5c FyHeAf iPVvYb\" src=\"https:\/\/pap-mediaroom.pl\/sites\/default\/files\/2020-09\/20200911\/37097948_1.jpg\" alt=\"Rogatek wraca na ekrany \u2013 jesienne nowo\u015bci w Kampanii Kolejowe ABC | PAP MediaRoom portal.\" width=\"306\" height=\"306\" \/><\/span><\/p>\n<p><span style=\"color: #000000;\"><!-- \/wp:paragraph --><\/span><\/p>\t\t\t\t\t\t<\/div>\n\t\t\t\t<\/div>\n\t\t\t\t\t<\/div>\n\t\t<\/div>\n\t\t\t\t\t\t\t<\/div>\n\t\t<\/section>\n\t\t\t\t\t\t\t<\/div>\n\t\t","protected":false},"excerpt":{"rendered":"<p>To zainicjowany przez Urz\u0105d Transportu Kolejowego program edukacyjny z zakresu bezpiecze\u0144stwa na terenach kolejowych. Program to \u017ar\u00f3d\u0142o wiedzy na temat sposob\u00f3w w\u0142a\u015bciwego zachowania w pobli\u017cu tor\u00f3woraz reagowania w sytuacjach zagro\u017cenia \u017cycia lub zdrowia \u2013 zw\u0142aszcza na terenach kolejowych oraz w [&hellip;]<\/p>\n","protected":false},"author":3,"featured_media":0,"parent":0,"menu_order":0,"comment_status":"closed","ping_status":"closed","template":"","meta":[],"_links":{"self":[{"href":"https:\/\/blonie.zielonaakademia.edu.pl\/index.php\/wp-json\/wp\/v2\/pages\/13136"}],"collection":[{"href":"https:\/\/blonie.zielonaakademia.edu.pl\/index.php\/wp-json\/wp\/v2\/pages"}],"about":[{"href":"https:\/\/blonie.zielonaakademia.edu.pl\/index.php\/wp-json\/wp\/v2\/types\/page"}],"author":[{"embeddable":true,"href":"https:\/\/blonie.zielonaakademia.edu.pl\/index.php\/wp-json\/wp\/v2\/users\/3"}],"replies":[{"embeddable":true,"href":"https:\/\/blonie.zielonaakademia.edu.pl\/index.php\/wp-json\/wp\/v2\/comments?post=13136"}],"version-history":[{"count":4,"href":"https:\/\/blonie.zielonaakademia.edu.pl\/index.php\/wp-json\/wp\/v2\/pages\/13136\/revisions"}],"predecessor-version":[{"id":13140,"href":"https:\/\/blonie.zielonaakademia.edu.pl\/index.php\/wp-json\/wp\/v2\/pages\/13136\/revisions\/13140"}],"wp:attachment":[{"href":"https:\/\/blonie.zielonaakademia.edu.pl\/index.php\/wp-json\/wp\/v2\/media?parent=13136"}],"curies":[{"name":"wp","href":"https:\/\/api.w.org\/{rel}","templated":true}]}}