{"id":162,"date":"2022-12-14T12:51:57","date_gmt":"2022-12-14T11:51:57","guid":{"rendered":"http:\/\/blonie.zielonaakademia.edu.pl\/?page_id=162"},"modified":"2025-10-13T12:07:32","modified_gmt":"2025-10-13T10:07:32","slug":"ramowy-plan-tygodnia","status":"publish","type":"page","link":"https:\/\/blonie.zielonaakademia.edu.pl\/index.php\/ramowy-plan-tygodnia\/","title":{"rendered":"Ramowy plan tygodnia"},"content":{"rendered":"\t\t<div data-elementor-type=\"wp-page\" data-elementor-id=\"162\" class=\"elementor elementor-162\">\n\t\t\t\t\t\t\t\t\t<section class=\"elementor-section elementor-top-section elementor-element elementor-element-6a0c66cf elementor-section-boxed elementor-section-height-default elementor-section-height-default\" data-id=\"6a0c66cf\" data-element_type=\"section\">\n\t\t\t\t\t\t<div class=\"elementor-container elementor-column-gap-default\">\n\t\t\t\t\t<div class=\"elementor-column elementor-col-100 elementor-top-column elementor-element elementor-element-2bef293a\" data-id=\"2bef293a\" data-element_type=\"column\">\n\t\t\t<div class=\"elementor-widget-wrap elementor-element-populated\">\n\t\t\t\t\t\t\t\t<div class=\"elementor-element elementor-element-25717bff elementor-widget elementor-widget-text-editor\" data-id=\"25717bff\" data-element_type=\"widget\" data-widget_type=\"text-editor.default\">\n\t\t\t\t<div class=\"elementor-widget-container\">\n\t\t\t<style>\/*! elementor - v3.9.1 - 14-12-2022 *\/\n.elementor-widget-text-editor.elementor-drop-cap-view-stacked .elementor-drop-cap{background-color:#818a91;color:#fff}.elementor-widget-text-editor.elementor-drop-cap-view-framed .elementor-drop-cap{color:#818a91;border:3px solid;background-color:transparent}.elementor-widget-text-editor:not(.elementor-drop-cap-view-default) .elementor-drop-cap{margin-top:8px}.elementor-widget-text-editor:not(.elementor-drop-cap-view-default) .elementor-drop-cap-letter{width:1em;height:1em}.elementor-widget-text-editor .elementor-drop-cap{float:left;text-align:center;line-height:1;font-size:50px}.elementor-widget-text-editor .elementor-drop-cap-letter{display:inline-block}<\/style>\t\t\t\t<h3 style=\"text-align: center;\"><span style=\"color: #000000;\"><strong>Ramowy plan tygodnia 2025\/2026<\/strong><\/span><\/h3><table width=\"932\"><tbody><tr><td width=\"122\"><p><strong>Godzina<\/strong><\/p><\/td><td width=\"142\"><p><strong>Poniedzia\u0142ek<\/strong><\/p><\/td><td width=\"180\"><p><strong>Wtorek<\/strong><\/p><\/td><td width=\"178\"><p><strong>\u015aroda<\/strong><\/p><\/td><td width=\"155\"><p><strong>Czwartek<\/strong><\/p><\/td><td width=\"155\"><p><strong>Pi\u0105tek<\/strong><\/p><\/td><\/tr><tr><td width=\"122\"><p>9:00- 9:30<\/p><\/td><td width=\"142\"><p>\u00a0<\/p><\/td><td width=\"180\"><p>J\u0119zyk angielski Rybki<\/p><\/td><td width=\"178\"><p>Taniec Rybki<\/p><\/td><td width=\"155\"><p>J\u0119zyk angielski Rybki<\/p><\/td><td width=\"155\"><p>Bajkoterapia<br \/>Rybki<\/p><\/td><\/tr><tr><td width=\"122\"><p>9:30- 10:00<\/p><\/td><td width=\"142\"><p>\u00a0<\/p><\/td><td width=\"180\"><p>J\u0119zyk angielski Misie<\/p><\/td><td width=\"178\"><p>Taniec Misie<\/p><\/td><td width=\"155\"><p>J\u0119zyk angielski Misie<\/p><\/td><td width=\"155\"><p>Bajkoterapia<br \/>Misie<\/p><\/td><\/tr><tr><td width=\"122\"><p>10:00- 10:30<\/p><\/td><td width=\"142\"><p>Rytmika Rybki<\/p><\/td><td width=\"180\"><p>J\u0119zyk angielski \u017babki<\/p><\/td><td width=\"178\"><p>Taniec \u017babki<\/p><\/td><td width=\"155\"><p><br \/>J\u0119zyk angielski \u017babki<\/p><\/td><td width=\"155\"><p>Bajkoterapia <br \/>\u017babki<\/p><\/td><\/tr><tr><td width=\"122\"><p>10:30- 11:00<\/p><\/td><td width=\"142\"><p>Rytmika Misie<\/p><\/td><td width=\"180\"><p>Psycholog<\/p><\/td><td width=\"178\"><p>\u00a0<\/p><\/td><td width=\"155\"><p>\u00a0<\/p><\/td><td width=\"155\"><p>\u00a0<\/p><\/td><\/tr><tr><td width=\"122\"><p>11:00- 11:30<\/p><\/td><td width=\"142\"><p>Rytmika \u017babki<\/p><\/td><td width=\"180\"><p>Psycholog<\/p><\/td><td width=\"178\"><p>Gimnastyka Smyka<br \/>Rybki<\/p><\/td><td width=\"155\"><p>\u00a0<\/p><\/td><td width=\"155\"><p>\u00a0<\/p><\/td><\/tr><tr><td width=\"122\"><p>11:30- 12:00<\/p><\/td><td width=\"142\"><p>Logopedia<\/p><\/td><td width=\"180\"><p>Psycholog<\/p><\/td><td width=\"178\"><p>Gimnastyka Smyka<br \/>Misie<\/p><\/td><td width=\"155\"><p>\u00a0<\/p><\/td><td width=\"155\"><p>\u00a0<\/p><\/td><\/tr><tr><td width=\"122\"><p>12:00- 12:30<\/p><\/td><td width=\"142\"><p>Logopedia<\/p><\/td><td width=\"180\"><p>Psycholog<\/p><\/td><td width=\"178\"><p>Aktywny przedszkolak<br \/>\u017babki<\/p><\/td><td width=\"155\"><p>\u00a0<\/p><\/td><td width=\"155\"><p>\u00a0<\/p><\/td><\/tr><tr><td width=\"122\"><p>12:30- 13:00<\/p><\/td><td width=\"142\"><p>Logopedia<\/p><\/td><td width=\"180\"><p>\u00a0<\/p><\/td><td width=\"178\"><p>\u00a0<\/p><\/td><td width=\"155\"><p>\u00a0<\/p><\/td><td width=\"155\"><p>\u00a0<\/p><\/td><\/tr><tr><td width=\"122\"><p>13:00- 13:30<\/p><\/td><td width=\"142\"><p>Logopedia<\/p><\/td><td width=\"180\"><p>\u00a0<\/p><\/td><td width=\"178\"><p>\u00a0<\/p><\/td><td width=\"155\"><p>\u00a0<\/p><\/td><td width=\"155\"><p>\u00a0<\/p><\/td><\/tr><tr><td width=\"122\"><p>13:30- 14:00<\/p><\/td><td width=\"142\"><p>Logopedia<\/p><\/td><td width=\"180\"><p>\u00a0<\/p><\/td><td width=\"178\"><p>\u00a0<\/p><\/td><td width=\"155\"><p>\u00a0<\/p><\/td><td width=\"155\"><p>\u00a0<\/p><p>\u00a0<\/p><\/td><\/tr><\/tbody><\/table><h3>\u00a0<\/h3>\t\t\t\t\t\t<\/div>\n\t\t\t\t<\/div>\n\t\t\t\t\t<\/div>\n\t\t<\/div>\n\t\t\t\t\t\t\t<\/div>\n\t\t<\/section>\n\t\t\t\t\t\t\t<\/div>\n\t\t","protected":false},"excerpt":{"rendered":"<p>Ramowy plan tygodnia 2025\/2026 Godzina Poniedzia\u0142ek Wtorek \u015aroda Czwartek Pi\u0105tek 9:00- 9:30 \u00a0 J\u0119zyk angielski Rybki Taniec Rybki J\u0119zyk angielski Rybki BajkoterapiaRybki 9:30- 10:00 \u00a0 J\u0119zyk angielski Misie Taniec Misie J\u0119zyk angielski Misie BajkoterapiaMisie 10:00- 10:30 Rytmika Rybki J\u0119zyk angielski [&hellip;]<\/p>\n","protected":false},"author":1,"featured_media":0,"parent":0,"menu_order":0,"comment_status":"closed","ping_status":"closed","template":"","meta":[],"_links":{"self":[{"href":"https:\/\/blonie.zielonaakademia.edu.pl\/index.php\/wp-json\/wp\/v2\/pages\/162"}],"collection":[{"href":"https:\/\/blonie.zielonaakademia.edu.pl\/index.php\/wp-json\/wp\/v2\/pages"}],"about":[{"href":"https:\/\/blonie.zielonaakademia.edu.pl\/index.php\/wp-json\/wp\/v2\/types\/page"}],"author":[{"embeddable":true,"href":"https:\/\/blonie.zielonaakademia.edu.pl\/index.php\/wp-json\/wp\/v2\/users\/1"}],"replies":[{"embeddable":true,"href":"https:\/\/blonie.zielonaakademia.edu.pl\/index.php\/wp-json\/wp\/v2\/comments?post=162"}],"version-history":[{"count":35,"href":"https:\/\/blonie.zielonaakademia.edu.pl\/index.php\/wp-json\/wp\/v2\/pages\/162\/revisions"}],"predecessor-version":[{"id":13092,"href":"https:\/\/blonie.zielonaakademia.edu.pl\/index.php\/wp-json\/wp\/v2\/pages\/162\/revisions\/13092"}],"wp:attachment":[{"href":"https:\/\/blonie.zielonaakademia.edu.pl\/index.php\/wp-json\/wp\/v2\/media?parent=162"}],"curies":[{"name":"wp","href":"https:\/\/api.w.org\/{rel}","templated":true}]}}